{"id":39,"date":"2021-07-21T14:26:50","date_gmt":"2021-07-21T12:26:50","guid":{"rendered":"http:\/\/ingeflex.com\/?page_id=39"},"modified":"2026-04-07T17:12:56","modified_gmt":"2026-04-07T15:12:56","slug":"etude-audits-et-conseils","status":"publish","type":"page","link":"https:\/\/ingeflex.com\/index.php\/etude-audits-et-conseils\/","title":{"rendered":"Etude, Audit et Conseil"},"content":{"rendered":"\n<h3 class=\"wp-block-heading\"><br>\ud83d\udd0e Audit de votre architecture<\/h3>\n\n\n\n<p>L\u2019audit informatique est un exercice exigeant qui n\u00e9cessite une connaissance approfondie des technologies <strong>et<\/strong> de votre m\u00e9tier.<br>Chez <strong>INGEFLEX<\/strong>, nous r\u00e9alisons des audits suivant un cahier des charges d\u00e9fini avec vous, en int\u00e9grant des tests de performance et de vuln\u00e9rabilit\u00e9 gr\u00e2ce \u00e0 des outils sp\u00e9cialis\u00e9s.<br>\ud83d\udc49 Objectif : vous offrir une vision claire et fiable de l\u2019\u00e9tat de votre syst\u00e8me d\u2019information.<\/p>\n\n\n\n<hr class=\"wp-block-separator has-alpha-channel-opacity is-style-wide\"\/>\n\n\n\n<h3 class=\"wp-block-heading\">\ud83d\udcd1 Cahier des charges pour l\u2019\u00e9volution du SI<\/h3>\n\n\n\n<p>La d\u00e9finition d\u2019un cahier des charges est une \u00e9tape strat\u00e9gique. Elle doit combiner la ma\u00eetrise des solutions technologiques et la compr\u00e9hension des objectifs \u00e0 atteindre.<br><strong>INGEFLEX<\/strong> vous accompagne dans cette phase cruciale de pr\u00e9paration de projet, afin de garantir une feuille de route claire et r\u00e9aliste qui facilitera la r\u00e9ussite de vos futures \u00e9volutions.<\/p>\n\n\n\n<hr class=\"wp-block-separator has-alpha-channel-opacity is-style-wide\"\/>\n\n\n\n<h3 class=\"wp-block-heading\">\ud83c\udfd7\ufe0f \u00c9volution de votre architecture<\/h3>\n\n\n\n<p>Faire \u00e9voluer son architecture est souvent une n\u00e9cessit\u00e9 : amortissement mat\u00e9riel, nouvelles fonctionnalit\u00e9s, changements r\u00e9glementaires\u2026 Mais cette transition doit s\u2019op\u00e9rer <strong>sans impact pour vos utilisateurs<\/strong>.<br><strong>INGEFLEX<\/strong> vous assiste dans ces projets sensibles, en s\u00e9curisant chaque \u00e9tape. Nous intervenons aussi bien sur le plan technique que dans la <strong>d\u00e9fense et la valorisation de vos projets<\/strong> aupr\u00e8s de vos interlocuteurs internes ou externes.<\/p>\n\n\n\n<hr class=\"wp-block-separator has-alpha-channel-opacity is-style-wide\"\/>\n\n\n\n<h3 class=\"wp-block-heading\">\ud83c\udf10 D\u00e9finition de politiques globales<\/h3>\n\n\n\n<p>Mettre en place des politiques globales (s\u00e9curit\u00e9, gouvernance IT, gestion des acc\u00e8s, etc.) est souvent complexe \u00e0 la fois dans la conception et dans l\u2019application.<br>Gr\u00e2ce \u00e0 l\u2019exp\u00e9rience acquise aupr\u00e8s de nos clients, <strong>INGEFLEX<\/strong> vous aide \u00e0 \u00e9laborer des politiques r\u00e9alistes, applicables et adapt\u00e9es \u00e0 vos contraintes.<\/p>\n\n\n\n<hr class=\"wp-block-separator has-alpha-channel-opacity is-style-wide\"\/>\n\n\n\n<h3 class=\"wp-block-heading\">\ud83c\udfaf Ma\u00eetrise d\u2019\u0153uvre de vos projets<\/h3>\n\n\n\n<p>De la d\u00e9finition des contraintes \u00e0 la gestion des \u00e9quipes en passant par le respect des plannings, <strong>INGEFLEX<\/strong> assure la ma\u00eetrise d\u2019\u0153uvre de vos projets techniques.<br>Notre expertise technique, combin\u00e9e \u00e0 une parfaite compr\u00e9hension de vos enjeux m\u00e9tier, vous garantit une <strong>gestion simplifi\u00e9e, des d\u00e9lais respect\u00e9s et des r\u00e9sultats mesurables<\/strong>.<\/p>\n\n\n\n<hr class=\"wp-block-separator has-alpha-channel-opacity is-style-wide\"\/>\n\n\n\n<h3 class=\"wp-block-heading\">\ud83d\udcca Benchmark &amp; Etudes de solutions<\/h3>\n\n\n\n<p>Parce que chaque contexte est unique, <strong>INGEFLEX<\/strong> r\u00e9alise des \u00e9tudes comparatives et personnalis\u00e9es afin d\u2019identifier la solution la plus adapt\u00e9e \u00e0 vos besoins.<br>Nos benchmarks tiennent compte de votre environnement, de vos contraintes techniques et budg\u00e9taires, et visent \u00e0 vous orienter vers le choix le plus pertinent et durable.<\/p>\n\n\n\n<hr class=\"wp-block-separator has-alpha-channel-opacity is-style-wide\"\/>\n\n\n\n<p>\u2728 Avec <strong>INGEFLEX<\/strong>, vous b\u00e9n\u00e9ficiez d\u2019un partenaire capable de vous accompagner de l\u2019audit initial jusqu\u2019\u00e0 la mise en \u0153uvre op\u00e9rationnelle, en passant par la d\u00e9finition de strat\u00e9gies et le pilotage complet de vos projets.<\/p>\n\n\n\n<div class=\"wp-block-buttons is-layout-flex wp-block-buttons-is-layout-flex\">\n<div class=\"wp-block-button\"><a class=\"wp-block-button__link wp-element-button\" href=\"https:\/\/ingeflex.com\/index.php\/contact\/\">\ud83d\udc49 Contactez nous<\/a><\/div>\n<\/div>\n","protected":false},"excerpt":{"rendered":"<p>\ud83d\udd0e Audit de votre architecture L\u2019audit informatique est un exercice exigeant qui n\u00e9cessite une connaissance approfondie des technologies et de votre m\u00e9tier.Chez INGEFLEX, nous r\u00e9alisons des audits suivant un cahier des charges d\u00e9fini avec vous, en int\u00e9grant des tests de performance et de vuln\u00e9rabilit\u00e9 gr\u00e2ce \u00e0 des outils sp\u00e9cialis\u00e9s.\ud83d\udc49 Objectif&#8230;<\/p>\n","protected":false},"author":1,"featured_media":0,"parent":0,"menu_order":0,"comment_status":"closed","ping_status":"closed","template":"","meta":{"footnotes":""},"class_list":["post-39","page","type-page","status-publish","hentry"],"yoast_head":"<!-- This site is optimized with the Yoast SEO plugin v27.6 - https:\/\/yoast.com\/product\/yoast-seo-wordpress\/ -->\n<title>Etude, Audit et Conseil - INGEFLEX<\/title>\n<meta name=\"description\" content=\"Notre processus d&#039;audit couvre vos besoins que ce soit en termes s\u00e9curitaires, fonctionnels ou pr\u00e9visionnels.\" \/>\n<meta name=\"robots\" content=\"index, follow, max-snippet:-1, max-image-preview:large, max-video-preview:-1\" \/>\n<link rel=\"canonical\" href=\"https:\/\/ingeflex.com\/index.php\/etude-audits-et-conseils\/\" \/>\n<meta property=\"og:locale\" content=\"fr_FR\" \/>\n<meta property=\"og:type\" content=\"article\" \/>\n<meta property=\"og:title\" content=\"Etude, Audit et Conseil - INGEFLEX\" \/>\n<meta property=\"og:description\" content=\"Notre processus d&#039;audit couvre vos besoins que ce soit en termes s\u00e9curitaires, fonctionnels ou pr\u00e9visionnels.\" \/>\n<meta property=\"og:url\" content=\"https:\/\/ingeflex.com\/index.php\/etude-audits-et-conseils\/\" \/>\n<meta property=\"og:site_name\" content=\"INGEFLEX\" \/>\n<meta property=\"article:modified_time\" content=\"2026-04-07T15:12:56+00:00\" \/>\n<meta name=\"twitter:card\" content=\"summary_large_image\" \/>\n<meta name=\"twitter:label1\" content=\"Dur\u00e9e de lecture estim\u00e9e\" \/>\n\t<meta name=\"twitter:data1\" content=\"3 minutes\" \/>\n<script type=\"application\/ld+json\" class=\"yoast-schema-graph\">{\"@context\":\"https:\\\/\\\/schema.org\",\"@graph\":[{\"@type\":\"WebPage\",\"@id\":\"https:\\\/\\\/ingeflex.com\\\/index.php\\\/etude-audits-et-conseils\\\/\",\"url\":\"https:\\\/\\\/ingeflex.com\\\/index.php\\\/etude-audits-et-conseils\\\/\",\"name\":\"Etude, Audit et Conseil - INGEFLEX\",\"isPartOf\":{\"@id\":\"https:\\\/\\\/ingeflex.com\\\/#website\"},\"datePublished\":\"2021-07-21T12:26:50+00:00\",\"dateModified\":\"2026-04-07T15:12:56+00:00\",\"description\":\"Notre processus d'audit couvre vos besoins que ce soit en termes s\u00e9curitaires, fonctionnels ou pr\u00e9visionnels.\",\"breadcrumb\":{\"@id\":\"https:\\\/\\\/ingeflex.com\\\/index.php\\\/etude-audits-et-conseils\\\/#breadcrumb\"},\"inLanguage\":\"fr-FR\",\"potentialAction\":[{\"@type\":\"ReadAction\",\"target\":[\"https:\\\/\\\/ingeflex.com\\\/index.php\\\/etude-audits-et-conseils\\\/\"]}]},{\"@type\":\"BreadcrumbList\",\"@id\":\"https:\\\/\\\/ingeflex.com\\\/index.php\\\/etude-audits-et-conseils\\\/#breadcrumb\",\"itemListElement\":[{\"@type\":\"ListItem\",\"position\":1,\"name\":\"Accueil\",\"item\":\"https:\\\/\\\/ingeflex.com\\\/\"},{\"@type\":\"ListItem\",\"position\":2,\"name\":\"Etude, Audit et Conseil\"}]},{\"@type\":\"WebSite\",\"@id\":\"https:\\\/\\\/ingeflex.com\\\/#website\",\"url\":\"https:\\\/\\\/ingeflex.com\\\/\",\"name\":\"INGEFLEX\",\"description\":\"met en oeuvre votre cr\u00e9ativit\u00e9\",\"publisher\":{\"@id\":\"https:\\\/\\\/ingeflex.com\\\/#organization\"},\"potentialAction\":[{\"@type\":\"SearchAction\",\"target\":{\"@type\":\"EntryPoint\",\"urlTemplate\":\"https:\\\/\\\/ingeflex.com\\\/?s={search_term_string}\"},\"query-input\":{\"@type\":\"PropertyValueSpecification\",\"valueRequired\":true,\"valueName\":\"search_term_string\"}}],\"inLanguage\":\"fr-FR\"},{\"@type\":\"Organization\",\"@id\":\"https:\\\/\\\/ingeflex.com\\\/#organization\",\"name\":\"INGEFLEX\",\"url\":\"https:\\\/\\\/ingeflex.com\\\/\",\"logo\":{\"@type\":\"ImageObject\",\"inLanguage\":\"fr-FR\",\"@id\":\"https:\\\/\\\/ingeflex.com\\\/#\\\/schema\\\/logo\\\/image\\\/\",\"url\":\"https:\\\/\\\/ingeflex.com\\\/wp-content\\\/uploads\\\/2021\\\/07\\\/ing-logosite.png\",\"contentUrl\":\"https:\\\/\\\/ingeflex.com\\\/wp-content\\\/uploads\\\/2021\\\/07\\\/ing-logosite.png\",\"width\":512,\"height\":512,\"caption\":\"INGEFLEX\"},\"image\":{\"@id\":\"https:\\\/\\\/ingeflex.com\\\/#\\\/schema\\\/logo\\\/image\\\/\"}}]}<\/script>\n<!-- \/ Yoast SEO plugin. -->","yoast_head_json":{"title":"Etude, Audit et Conseil - INGEFLEX","description":"Notre processus d'audit couvre vos besoins que ce soit en termes s\u00e9curitaires, fonctionnels ou pr\u00e9visionnels.","robots":{"index":"index","follow":"follow","max-snippet":"max-snippet:-1","max-image-preview":"max-image-preview:large","max-video-preview":"max-video-preview:-1"},"canonical":"https:\/\/ingeflex.com\/index.php\/etude-audits-et-conseils\/","og_locale":"fr_FR","og_type":"article","og_title":"Etude, Audit et Conseil - INGEFLEX","og_description":"Notre processus d'audit couvre vos besoins que ce soit en termes s\u00e9curitaires, fonctionnels ou pr\u00e9visionnels.","og_url":"https:\/\/ingeflex.com\/index.php\/etude-audits-et-conseils\/","og_site_name":"INGEFLEX","article_modified_time":"2026-04-07T15:12:56+00:00","twitter_card":"summary_large_image","twitter_misc":{"Dur\u00e9e de lecture estim\u00e9e":"3 minutes"},"schema":{"@context":"https:\/\/schema.org","@graph":[{"@type":"WebPage","@id":"https:\/\/ingeflex.com\/index.php\/etude-audits-et-conseils\/","url":"https:\/\/ingeflex.com\/index.php\/etude-audits-et-conseils\/","name":"Etude, Audit et Conseil - INGEFLEX","isPartOf":{"@id":"https:\/\/ingeflex.com\/#website"},"datePublished":"2021-07-21T12:26:50+00:00","dateModified":"2026-04-07T15:12:56+00:00","description":"Notre processus d'audit couvre vos besoins que ce soit en termes s\u00e9curitaires, fonctionnels ou pr\u00e9visionnels.","breadcrumb":{"@id":"https:\/\/ingeflex.com\/index.php\/etude-audits-et-conseils\/#breadcrumb"},"inLanguage":"fr-FR","potentialAction":[{"@type":"ReadAction","target":["https:\/\/ingeflex.com\/index.php\/etude-audits-et-conseils\/"]}]},{"@type":"BreadcrumbList","@id":"https:\/\/ingeflex.com\/index.php\/etude-audits-et-conseils\/#breadcrumb","itemListElement":[{"@type":"ListItem","position":1,"name":"Accueil","item":"https:\/\/ingeflex.com\/"},{"@type":"ListItem","position":2,"name":"Etude, Audit et Conseil"}]},{"@type":"WebSite","@id":"https:\/\/ingeflex.com\/#website","url":"https:\/\/ingeflex.com\/","name":"INGEFLEX","description":"met en oeuvre votre cr\u00e9ativit\u00e9","publisher":{"@id":"https:\/\/ingeflex.com\/#organization"},"potentialAction":[{"@type":"SearchAction","target":{"@type":"EntryPoint","urlTemplate":"https:\/\/ingeflex.com\/?s={search_term_string}"},"query-input":{"@type":"PropertyValueSpecification","valueRequired":true,"valueName":"search_term_string"}}],"inLanguage":"fr-FR"},{"@type":"Organization","@id":"https:\/\/ingeflex.com\/#organization","name":"INGEFLEX","url":"https:\/\/ingeflex.com\/","logo":{"@type":"ImageObject","inLanguage":"fr-FR","@id":"https:\/\/ingeflex.com\/#\/schema\/logo\/image\/","url":"https:\/\/ingeflex.com\/wp-content\/uploads\/2021\/07\/ing-logosite.png","contentUrl":"https:\/\/ingeflex.com\/wp-content\/uploads\/2021\/07\/ing-logosite.png","width":512,"height":512,"caption":"INGEFLEX"},"image":{"@id":"https:\/\/ingeflex.com\/#\/schema\/logo\/image\/"}}]}},"_links":{"self":[{"href":"https:\/\/ingeflex.com\/index.php\/wp-json\/wp\/v2\/pages\/39","targetHints":{"allow":["GET"]}}],"collection":[{"href":"https:\/\/ingeflex.com\/index.php\/wp-json\/wp\/v2\/pages"}],"about":[{"href":"https:\/\/ingeflex.com\/index.php\/wp-json\/wp\/v2\/types\/page"}],"author":[{"embeddable":true,"href":"https:\/\/ingeflex.com\/index.php\/wp-json\/wp\/v2\/users\/1"}],"replies":[{"embeddable":true,"href":"https:\/\/ingeflex.com\/index.php\/wp-json\/wp\/v2\/comments?post=39"}],"version-history":[{"count":12,"href":"https:\/\/ingeflex.com\/index.php\/wp-json\/wp\/v2\/pages\/39\/revisions"}],"predecessor-version":[{"id":784,"href":"https:\/\/ingeflex.com\/index.php\/wp-json\/wp\/v2\/pages\/39\/revisions\/784"}],"wp:attachment":[{"href":"https:\/\/ingeflex.com\/index.php\/wp-json\/wp\/v2\/media?parent=39"}],"curies":[{"name":"wp","href":"https:\/\/api.w.org\/{rel}","templated":true}]}}