{"id":672,"date":"2026-03-30T12:51:15","date_gmt":"2026-03-30T10:51:15","guid":{"rendered":"https:\/\/ingeflex.com\/?page_id=672"},"modified":"2026-04-07T17:11:56","modified_gmt":"2026-04-07T15:11:56","slug":"nos-services-it","status":"publish","type":"page","link":"https:\/\/ingeflex.com\/index.php\/nos-services-it\/","title":{"rendered":"Nos services IT"},"content":{"rendered":"\n<h2 class=\"wp-block-heading\">Cybers\u00e9curit\u00e9<\/h2>\n\n\n\n<div class=\"wp-block-group has-medium-font-size\"><div class=\"wp-block-group__inner-container is-layout-constrained wp-block-group-is-layout-constrained\">\n<p>Prot\u00e9gez votre entreprise contre les menaces informatiques.<\/p>\n\n\n\n<ul class=\"wp-block-list\">\n<li>Audit de s\u00e9curit\u00e9<\/li>\n\n\n\n<li>Analyse de vuln\u00e9rabilit\u00e9s<\/li>\n\n\n\n<li>Durcissement des syst\u00e8mes<\/li>\n\n\n\n<li>Surveillance et r\u00e9ponse aux incidents<\/li>\n<\/ul>\n<\/div><\/div>\n\n\n\n<div class=\"wp-block-buttons is-layout-flex wp-block-buttons-is-layout-flex\">\n<div class=\"wp-block-button\"><a class=\"wp-block-button__link wp-element-button\" href=\"https:\/\/ingeflex.com\/index.php\/demande-daudit-gratuit\/\"><strong>\ud83d\udc49 Demander un audit de s\u00e9curit\u00e9<\/strong><\/a><\/div>\n<\/div>\n\n\n\n<p> <\/p>\n\n\n\n<hr class=\"wp-block-separator has-alpha-channel-opacity is-style-wide\"\/>\n\n\n\n<h2 class=\"wp-block-heading\">R\u00e9seau &amp; Infrastructure<\/h2>\n\n\n\n<p>Optimisez la performance et la fiabilit\u00e9 de votre syst\u00e8me.<\/p>\n\n\n\n<ul class=\"wp-block-list\">\n<li>Architecture r\u00e9seau (LAN \/ WAN \/ VLAN)<\/li>\n\n\n\n<li>Interconnexion multi-sites<\/li>\n\n\n\n<li>Firewall &amp; segmentation<\/li>\n\n\n\n<li>Haute disponibilit\u00e9<\/li>\n<\/ul>\n\n\n\n<div class=\"wp-block-buttons is-layout-flex wp-block-buttons-is-layout-flex\">\n<div class=\"wp-block-button\"><a class=\"wp-block-button__link wp-element-button\" href=\"https:\/\/ingeflex.com\/index.php\/demande-daudit-gratuit\/\"><strong>\ud83d\udc49 \u00c9tudier mon infrastructure<\/strong><\/a><\/div>\n<\/div>\n\n\n\n<p> <\/p>\n\n\n\n<hr class=\"wp-block-separator has-alpha-channel-opacity is-style-wide\"\/>\n\n\n\n<h2 class=\"wp-block-heading\">Infog\u00e9rance<\/h2>\n\n\n\n<div class=\"wp-block-group has-medium-font-size\"><div class=\"wp-block-group__inner-container is-layout-constrained wp-block-group-is-layout-constrained\">\n<p>Externalisez la gestion de votre IT en toute confiance.<\/p>\n\n\n\n<ul class=\"wp-block-list\">\n<li>Supervision 24\/7<\/li>\n\n\n\n<li>Maintenance proactive<\/li>\n\n\n\n<li>Support utilisateur<\/li>\n\n\n\n<li>Gestion des incidents<\/li>\n<\/ul>\n<\/div><\/div>\n\n\n\n<div class=\"wp-block-buttons is-layout-flex wp-block-buttons-is-layout-flex\">\n<div class=\"wp-block-button\"><a class=\"wp-block-button__link wp-element-button\" href=\"https:\/\/ingeflex.com\/index.php\/besoin-dun-devis\/\"><strong>\ud83d\udc49 Demander un devis<\/strong><\/a><\/div>\n<\/div>\n\n\n\n<p> <\/p>\n\n\n\n<hr class=\"wp-block-separator has-alpha-channel-opacity is-style-wide\"\/>\n\n\n\n<h2 class=\"wp-block-heading\">Cloud &amp; Virtualisation<\/h2>\n\n\n\n<div class=\"wp-block-group has-medium-font-size\"><div class=\"wp-block-group__inner-container is-layout-constrained wp-block-group-is-layout-constrained\">\n<p>Modernisez votre infrastructure.<\/p>\n\n\n\n<ul class=\"wp-block-list\">\n<li>Migration cloud<\/li>\n\n\n\n<li>Virtualisation<\/li>\n\n\n\n<li>Sauvegarde &amp; PRA<\/li>\n\n\n\n<li>Optimisation des co\u00fbts<\/li>\n<\/ul>\n<\/div><\/div>\n\n\n\n<div class=\"wp-block-buttons is-layout-flex wp-block-buttons-is-layout-flex\">\n<div class=\"wp-block-button\"><a class=\"wp-block-button__link wp-element-button\" href=\"https:\/\/ingeflex.com\/index.php\/contact\/\">\ud83d\udc49 Parler \u00e0 un expert<\/a><\/div>\n<\/div>\n\n\n\n<p><\/p>\n","protected":false},"excerpt":{"rendered":"<p>Cybers\u00e9curit\u00e9 Prot\u00e9gez votre entreprise contre les menaces informatiques. R\u00e9seau &amp; Infrastructure Optimisez la performance et la fiabilit\u00e9 de votre syst\u00e8me. Infog\u00e9rance Externalisez la gestion de votre IT en toute confiance. Cloud &amp; Virtualisation Modernisez votre infrastructure.<\/p>\n","protected":false},"author":1,"featured_media":0,"parent":0,"menu_order":0,"comment_status":"closed","ping_status":"closed","template":"","meta":{"footnotes":""},"class_list":["post-672","page","type-page","status-publish","hentry"],"yoast_head":"<!-- This site is optimized with the Yoast SEO plugin v27.6 - https:\/\/yoast.com\/product\/yoast-seo-wordpress\/ -->\n<title>Services informatiques pour PME \/ ETI<\/title>\n<meta name=\"description\" content=\"D\u00e9couvrez nos services informatiques : cybers\u00e9curit\u00e9, r\u00e9seau, infog\u00e9rance et cloud. Solutions adapt\u00e9es aux PME.\" \/>\n<meta name=\"robots\" content=\"index, follow, max-snippet:-1, max-image-preview:large, max-video-preview:-1\" \/>\n<link rel=\"canonical\" href=\"https:\/\/ingeflex.com\/index.php\/nos-services-it\/\" \/>\n<meta property=\"og:locale\" content=\"fr_FR\" \/>\n<meta property=\"og:type\" content=\"article\" \/>\n<meta property=\"og:title\" content=\"Services informatiques pour PME \/ ETI\" \/>\n<meta property=\"og:description\" content=\"D\u00e9couvrez nos services informatiques : cybers\u00e9curit\u00e9, r\u00e9seau, infog\u00e9rance et cloud. Solutions adapt\u00e9es aux PME.\" \/>\n<meta property=\"og:url\" content=\"https:\/\/ingeflex.com\/index.php\/nos-services-it\/\" \/>\n<meta property=\"og:site_name\" content=\"INGEFLEX\" \/>\n<meta property=\"article:modified_time\" content=\"2026-04-07T15:11:56+00:00\" \/>\n<meta name=\"twitter:card\" content=\"summary_large_image\" \/>\n<meta name=\"twitter:label1\" content=\"Dur\u00e9e de lecture estim\u00e9e\" \/>\n\t<meta name=\"twitter:data1\" content=\"1 minute\" \/>\n<script type=\"application\/ld+json\" class=\"yoast-schema-graph\">{\"@context\":\"https:\\\/\\\/schema.org\",\"@graph\":[{\"@type\":\"WebPage\",\"@id\":\"https:\\\/\\\/ingeflex.com\\\/index.php\\\/nos-services-it\\\/\",\"url\":\"https:\\\/\\\/ingeflex.com\\\/index.php\\\/nos-services-it\\\/\",\"name\":\"Services informatiques pour PME \\\/ ETI\",\"isPartOf\":{\"@id\":\"https:\\\/\\\/ingeflex.com\\\/#website\"},\"datePublished\":\"2026-03-30T10:51:15+00:00\",\"dateModified\":\"2026-04-07T15:11:56+00:00\",\"description\":\"D\u00e9couvrez nos services informatiques : cybers\u00e9curit\u00e9, r\u00e9seau, infog\u00e9rance et cloud. Solutions adapt\u00e9es aux PME.\",\"breadcrumb\":{\"@id\":\"https:\\\/\\\/ingeflex.com\\\/index.php\\\/nos-services-it\\\/#breadcrumb\"},\"inLanguage\":\"fr-FR\",\"potentialAction\":[{\"@type\":\"ReadAction\",\"target\":[\"https:\\\/\\\/ingeflex.com\\\/index.php\\\/nos-services-it\\\/\"]}]},{\"@type\":\"BreadcrumbList\",\"@id\":\"https:\\\/\\\/ingeflex.com\\\/index.php\\\/nos-services-it\\\/#breadcrumb\",\"itemListElement\":[{\"@type\":\"ListItem\",\"position\":1,\"name\":\"Accueil\",\"item\":\"https:\\\/\\\/ingeflex.com\\\/\"},{\"@type\":\"ListItem\",\"position\":2,\"name\":\"Nos services IT\"}]},{\"@type\":\"WebSite\",\"@id\":\"https:\\\/\\\/ingeflex.com\\\/#website\",\"url\":\"https:\\\/\\\/ingeflex.com\\\/\",\"name\":\"INGEFLEX\",\"description\":\"met en oeuvre votre cr\u00e9ativit\u00e9\",\"publisher\":{\"@id\":\"https:\\\/\\\/ingeflex.com\\\/#organization\"},\"potentialAction\":[{\"@type\":\"SearchAction\",\"target\":{\"@type\":\"EntryPoint\",\"urlTemplate\":\"https:\\\/\\\/ingeflex.com\\\/?s={search_term_string}\"},\"query-input\":{\"@type\":\"PropertyValueSpecification\",\"valueRequired\":true,\"valueName\":\"search_term_string\"}}],\"inLanguage\":\"fr-FR\"},{\"@type\":\"Organization\",\"@id\":\"https:\\\/\\\/ingeflex.com\\\/#organization\",\"name\":\"INGEFLEX\",\"url\":\"https:\\\/\\\/ingeflex.com\\\/\",\"logo\":{\"@type\":\"ImageObject\",\"inLanguage\":\"fr-FR\",\"@id\":\"https:\\\/\\\/ingeflex.com\\\/#\\\/schema\\\/logo\\\/image\\\/\",\"url\":\"https:\\\/\\\/ingeflex.com\\\/wp-content\\\/uploads\\\/2021\\\/07\\\/ing-logosite.png\",\"contentUrl\":\"https:\\\/\\\/ingeflex.com\\\/wp-content\\\/uploads\\\/2021\\\/07\\\/ing-logosite.png\",\"width\":512,\"height\":512,\"caption\":\"INGEFLEX\"},\"image\":{\"@id\":\"https:\\\/\\\/ingeflex.com\\\/#\\\/schema\\\/logo\\\/image\\\/\"}}]}<\/script>\n<!-- \/ Yoast SEO plugin. -->","yoast_head_json":{"title":"Services informatiques pour PME \/ ETI","description":"D\u00e9couvrez nos services informatiques : cybers\u00e9curit\u00e9, r\u00e9seau, infog\u00e9rance et cloud. Solutions adapt\u00e9es aux PME.","robots":{"index":"index","follow":"follow","max-snippet":"max-snippet:-1","max-image-preview":"max-image-preview:large","max-video-preview":"max-video-preview:-1"},"canonical":"https:\/\/ingeflex.com\/index.php\/nos-services-it\/","og_locale":"fr_FR","og_type":"article","og_title":"Services informatiques pour PME \/ ETI","og_description":"D\u00e9couvrez nos services informatiques : cybers\u00e9curit\u00e9, r\u00e9seau, infog\u00e9rance et cloud. Solutions adapt\u00e9es aux PME.","og_url":"https:\/\/ingeflex.com\/index.php\/nos-services-it\/","og_site_name":"INGEFLEX","article_modified_time":"2026-04-07T15:11:56+00:00","twitter_card":"summary_large_image","twitter_misc":{"Dur\u00e9e de lecture estim\u00e9e":"1 minute"},"schema":{"@context":"https:\/\/schema.org","@graph":[{"@type":"WebPage","@id":"https:\/\/ingeflex.com\/index.php\/nos-services-it\/","url":"https:\/\/ingeflex.com\/index.php\/nos-services-it\/","name":"Services informatiques pour PME \/ ETI","isPartOf":{"@id":"https:\/\/ingeflex.com\/#website"},"datePublished":"2026-03-30T10:51:15+00:00","dateModified":"2026-04-07T15:11:56+00:00","description":"D\u00e9couvrez nos services informatiques : cybers\u00e9curit\u00e9, r\u00e9seau, infog\u00e9rance et cloud. Solutions adapt\u00e9es aux PME.","breadcrumb":{"@id":"https:\/\/ingeflex.com\/index.php\/nos-services-it\/#breadcrumb"},"inLanguage":"fr-FR","potentialAction":[{"@type":"ReadAction","target":["https:\/\/ingeflex.com\/index.php\/nos-services-it\/"]}]},{"@type":"BreadcrumbList","@id":"https:\/\/ingeflex.com\/index.php\/nos-services-it\/#breadcrumb","itemListElement":[{"@type":"ListItem","position":1,"name":"Accueil","item":"https:\/\/ingeflex.com\/"},{"@type":"ListItem","position":2,"name":"Nos services IT"}]},{"@type":"WebSite","@id":"https:\/\/ingeflex.com\/#website","url":"https:\/\/ingeflex.com\/","name":"INGEFLEX","description":"met en oeuvre votre cr\u00e9ativit\u00e9","publisher":{"@id":"https:\/\/ingeflex.com\/#organization"},"potentialAction":[{"@type":"SearchAction","target":{"@type":"EntryPoint","urlTemplate":"https:\/\/ingeflex.com\/?s={search_term_string}"},"query-input":{"@type":"PropertyValueSpecification","valueRequired":true,"valueName":"search_term_string"}}],"inLanguage":"fr-FR"},{"@type":"Organization","@id":"https:\/\/ingeflex.com\/#organization","name":"INGEFLEX","url":"https:\/\/ingeflex.com\/","logo":{"@type":"ImageObject","inLanguage":"fr-FR","@id":"https:\/\/ingeflex.com\/#\/schema\/logo\/image\/","url":"https:\/\/ingeflex.com\/wp-content\/uploads\/2021\/07\/ing-logosite.png","contentUrl":"https:\/\/ingeflex.com\/wp-content\/uploads\/2021\/07\/ing-logosite.png","width":512,"height":512,"caption":"INGEFLEX"},"image":{"@id":"https:\/\/ingeflex.com\/#\/schema\/logo\/image\/"}}]}},"_links":{"self":[{"href":"https:\/\/ingeflex.com\/index.php\/wp-json\/wp\/v2\/pages\/672","targetHints":{"allow":["GET"]}}],"collection":[{"href":"https:\/\/ingeflex.com\/index.php\/wp-json\/wp\/v2\/pages"}],"about":[{"href":"https:\/\/ingeflex.com\/index.php\/wp-json\/wp\/v2\/types\/page"}],"author":[{"embeddable":true,"href":"https:\/\/ingeflex.com\/index.php\/wp-json\/wp\/v2\/users\/1"}],"replies":[{"embeddable":true,"href":"https:\/\/ingeflex.com\/index.php\/wp-json\/wp\/v2\/comments?post=672"}],"version-history":[{"count":10,"href":"https:\/\/ingeflex.com\/index.php\/wp-json\/wp\/v2\/pages\/672\/revisions"}],"predecessor-version":[{"id":783,"href":"https:\/\/ingeflex.com\/index.php\/wp-json\/wp\/v2\/pages\/672\/revisions\/783"}],"wp:attachment":[{"href":"https:\/\/ingeflex.com\/index.php\/wp-json\/wp\/v2\/media?parent=672"}],"curies":[{"name":"wp","href":"https:\/\/api.w.org\/{rel}","templated":true}]}}